{"id":240,"date":"2011-11-27T23:06:35","date_gmt":"2011-11-28T01:06:35","guid":{"rendered":"http:\/\/breath.themoholics.com\/?page_id=240"},"modified":"2023-09-26T11:38:10","modified_gmt":"2023-09-26T14:38:10","slug":"empresa","status":"publish","type":"page","link":"https:\/\/zorzalterraplenagem.com.br\/site\/empresa\/","title":{"rendered":"Empresa"},"content":{"rendered":"<h3>Zorzal<\/h3>\n<p>A Zorzal iniciou suas atividades em 1996 no munic\u00edpio de Domingos Martins &#8211; ES, entretanto, um dos seus propriet\u00e1rios, Sr. Dolcino Zorzal, atuava no ramo de loca\u00e7\u00e3o de equipamentos desde o final da d\u00e9cada de 70.<\/p>\n<p>Atualmente a empresa possui um gest\u00e3o moderna em sua administra\u00e7\u00e3o, contendo em suas atividades um mix variado de especialidades envolvendo obras de infraestrutura , terraplanagem, pavimenta\u00e7\u00e3o e conserva\u00e7\u00e3o de vias publicas e rodovias, atendendo tanto ao setor privado quanto ao p\u00fablico no \u00e2mbito municipal, estadual e federal.<\/p>\n<p>A Zorzal iniciou em maio de 2014, \u00e0s opera\u00e7\u00f5es de produ\u00e7\u00e3o de CBUQ, em sua usina instalada as margens \u00a0da rodovia BR 262, km 94, Fazenda do Estado, Domingos Martins &#8211; ES.<\/p>\n<p>A Zorzal concentra sua atua\u00e7\u00e3o nos estados do Esp\u00edrito Santo, Rio de Janeiro, Minas Gerais e Bahia.<\/p>\n<h3>Miss\u00e3o da Empresa<\/h3>\n<p>Prestar servi\u00e7os em obras pesadas visando atender as expectativas da comunidade, clientes, colaboradores e s\u00f3cios.<\/p>\n<h3>C\u00f3digo de \u00c9tica e Conduta<\/h3>\n<div class=\"textwidget\">\n<p><a href=\"https:\/\/zorzalterraplenagem.com.br\/site\/wp-content\/uploads\/2023\/09\/codigo-de-etica-e-conduta-zorzal.pdf\">Baixe e leia na integra nosso c\u00f3digo de \u00e9tica e conduta<\/a><\/p>\n<\/div>\n","protected":false},"excerpt":{"rendered":"<p>Zorzal A Zorzal iniciou suas atividades em 1996 no munic\u00edpio de Domingos Martins &#8211; ES, entretanto, um dos seus propriet\u00e1rios, Sr. Dolcino Zorzal, atuava no ramo de loca\u00e7\u00e3o de equipamentos desde o final da d\u00e9cada de 70. Atualmente a empresa possui um gest\u00e3o moderna em sua administra\u00e7\u00e3o, contendo em suas atividades um mix variado de [&hellip;]<\/p>\n","protected":false},"author":2,"featured_media":0,"parent":0,"menu_order":0,"comment_status":"closed","ping_status":"closed","template":"","meta":{"footnotes":""},"acf":[],"_links":{"self":[{"href":"https:\/\/zorzalterraplenagem.com.br\/site\/wp-json\/wp\/v2\/pages\/240"}],"collection":[{"href":"https:\/\/zorzalterraplenagem.com.br\/site\/wp-json\/wp\/v2\/pages"}],"about":[{"href":"https:\/\/zorzalterraplenagem.com.br\/site\/wp-json\/wp\/v2\/types\/page"}],"author":[{"embeddable":true,"href":"https:\/\/zorzalterraplenagem.com.br\/site\/wp-json\/wp\/v2\/users\/2"}],"replies":[{"embeddable":true,"href":"https:\/\/zorzalterraplenagem.com.br\/site\/wp-json\/wp\/v2\/comments?post=240"}],"version-history":[{"count":0,"href":"https:\/\/zorzalterraplenagem.com.br\/site\/wp-json\/wp\/v2\/pages\/240\/revisions"}],"wp:attachment":[{"href":"https:\/\/zorzalterraplenagem.com.br\/site\/wp-json\/wp\/v2\/media?parent=240"}],"curies":[{"name":"wp","href":"https:\/\/api.w.org\/{rel}","templated":true}]}}